b4 - -10?
3b30c4
In base 5, what is 10 + -113020434?
-113020424
In base 5, what is 40401 + 2422204?
3013110
In base 11, what is 391 + 236858?
237139
In base 6, what is 31402004415 - -3?
31402004422
In base 13, what is 2 - 44bb23c?
-44bb23a
In base 9, what is 4057 - -1453?
5521
In base 11, what is 5806 + 395?
60a0
In base 9, what is -816663 + -86?
-816760
In base 13, what is 23 + -3254238?
-3254215
In base 14, what is 52 + -13658cc?
-136587a
In base 14, what is -7a57ca6 + -3?
-7a57ca9
In base 13, what is 929173a + 8?
9291745
In base 8, what is 5 - 216553365?
-216553360
In base 6, what is 14120512 - -112?
14121024
In base 14, what is 97bd2 - -10?
97c02
In base 15, what is -b + -1be7e?
-1be8a
In base 13, what is 3c5c8969 - -5?
3c5c8971
In base 3, what is -1201002 + -1001222111210?
-1002001012212
In base 2, what is -100000100 - -11010101001011?
11010001000111
In base 7, what is -13553 - 51624?
-65510
In base 16, what is 504c70 - -e?
504c7e
In base 9, what is -4 - -166541240?
166541235
In base 9, what is -16436 - -25325?
7778
In base 14, what is -463564 - 56?
-4635ba
In base 11, what is -8108 + -1789?
-9896
In base 3, what is -20022112 - 1121100?
-21220212
In base 6, what is 11230 + 1030325?
1041555
In base 9, what is -231453 + -153?
-231616
In base 14, what is 4042 + 61c?
4660
In base 2, what is 11000 - 1001001010001010010?
-1001001010000111010
In base 6, what is 13050 - 51253?
-34203
In base 11, what is 65840a - 29?
658391
In base 3, what is -12110012021 - 120012?
-12110202110
In base 9, what is -60 + 1081165?
1081105
In base 8, what is -114 + -120762?
-121076
In base 9, what is -2777673 + -14?
-2777687
In base 8, what is -200 + 40417?
40217
In base 11, what is -70874 + 652?
-70222
In base 9, what is -66146 + 62?
-66074
In base 9, what is -5 + -10288871?
-10288876
In base 16, what is -162a9 + -2?
-162ab
In base 14, what is 5 - -b7676b?
b76772
In base 5, what is -222 + -4442244121?
-4442244343
In base 10, what is -2578 + -1446?
-4024
In base 9, what is 18518083 - 1?
18518082
In base 4, what is -223332 + 30133?
-133133
In base 15, what is 6ba1 - -7160?
dd11
In base 9, what is 547 - -16110?
16657
In base 16, what is -30720 - -4b?
-306d5
In base 12, what is 724909 + 26?
724933
In base 15, what is 117 - 48d4?
-47bc
In base 5, what is 1341140 - 10322?
1330313
In base 13, what is -8955 - -79a?
-8188
In base 11, what is -325 - -6992a?
69605
In base 16, what is -1ee + -2b75e?
-2b94c
In base 3, what is -11111001 - 1222102200?
-2010220201
In base 14, what is -14 - 6799ca?
-679a00
In base 6, what is -130435224 + 115?
-130435105
In base 11, what is -3 + a578432?
a57842a
In base 8, what is 255565212 + -3?
255565207
In base 10, what is 541 + -329013?
-328472
In base 8, what is 372 - -221772?
222364
In base 16, what is 3a5 + -1a06?
-1661
In base 15, what is 9 - 137b0c1?
-137b0b7
In base 14, what is -b - 88b441?
-88b44c
In base 9, what is -163550 - 74?
-163634
In base 12, what is -3659 + 132a?
-232b
In base 2, what is 1010011100 + 101111001001010100010?
101111001010100111110
In base 13, what is 35273839 + 1?
3527383a
In base 9, what is 57251776 - -1?
57251777
In base 16, what is 1 + ea23af?
ea23b0
In base 11, what is -200 - -28705a?
28695a
In base 4, what is 122211312 + -220110?
121331202
In base 14, what is -115b22 + 70?
-115a92
In base 6, what is 31451 + 12231?
44122
In base 9, what is -122307461 - -10?
-122307451
In base 12, what is 672359 - 21?
672338
In base 6, what is 102 - 1124114?
-1124012
In base 13, what is -174c1b9 - -a8?
-174c111
In base 13, what is -509a5c1c - 1?
-509a5c20
In base 3, what is 12202220 + -11200010?
1002210
In base 9, what is 3635 + -4347?
-612
In base 5, what is 1044 - -1142133?
1143232
In base 16, what is -e - 12f578?
-12f586
In base 10, what is 13470 + -431?
13039
In base 3, what is -20220222200011000 - -10?
-20220222200010220
In base 4, what is 122233002100 - -3?
122233002103
In base 10, what is -57503215 - -11?
-57503204
In base 5, what is 1343303244 + -11?
1343303233
In base 10, what is -2707442 - -7?
-2707435
In base 13, what is 1650a2 - -103?
1651a5
In base 10, what is 20386439 - 4?
20386435
In base 13, what is 571c98 + -5c?
571c39
In base 16, what is -4bc93e + ea?
-4bc854
In base 5, what is -2410 - 44103422?
-44111332
In base 16, what is 1 + -1830?
-182f
In base 3, what is 11020012 - 12001100100?
-11220010011
In base 9, what is -4 - -75282031?
75282026
In base 16, what is -b - -107bd9?
107bce
In base 6, what is 3020433131 + -2?
3020433125
In base 8, what is -175043 - -101?
-174742
In base 10, what is 55 - 7894?
-7839
In base 10, what is -13894 - 1590?
-15484
In base 16, what is -1b367 - -a1?
-1b2c6
In base 10, what is 879053 - 78?
878975
In base 12, what is 258258 - 21?
258237
In base 10, what is 16 - 555784?
-555768
In base 16, what is 2f2bf - -1e5?
2f4a4
In base 11, what is 34a1 - 25501?
-22010
In base 8, what is 1 + 75115434?
75115435
In base 8, what is 12430 + 112?
12542
In base 4, what is 2223 - 333303031?
-333300202
In base 13, what is -147 - 12bb3?
-1302a
In base 16, what is -3 + -1ed3a31?
-1ed3a34
In base 14, what is -7 + 4b719?
4b712
In base 10, what is -14636296 - 21?
-14636317
In base 13, what is -192 - -1c210?
1c04b
In base 7, what is -6122 + -122?
-6244
In base 14, what is 25009b - 10?
25008b
In base 5, what is 411003332332 + 2?
411003332334
In base 10, what is 1693570903 - -1?
1693570904
In base 3, what is 0 - -20122122012220?
20122122012220
In base 9, what is 120 + 42666?
42786
In base 3, what is -12 - -1020111221102211?
1020111221102122
In base 12, what is 1 + 9503848?
9503849
In base 3, what is -11010010112112010 + 2?
-11010010112112001
In base 7, what is -5 + -35360036?
-35360044
In base 15, what is -6 - a94b?
-a952
In base 10, what is 570807212 + -1?
570807211
In base 7, what is -50 + -4025256?
-4025336
In base 16, what is -37bc63c + c?
-37bc630
In base 15, what is -10e6d778 - -4?
-10e6d774
In base 15, what is -d8eb - 0?
-d8eb
In base 4, what is 11 - -1320230213?
1320230230
In base 15, what is 3 - 38b971?
-38b96d
In base 9, what is 3 - 1520150?
-1520146
In base 6, what is 344453013 + -101?
344452512
In base 6, what is 22352 - -124152?
150544
In base 3, what is 11000221102210010 + -12?
11000221102202221
In base 13, what is 2069b4 - -8?
2069bc
In base 13, what is b368 + -13943?
-55a8
In base 7, what is -15246 + 21016?
2440
In base 5, what is -20 - 123014124034?
-123014124104
In base 10, what is -5 + 2370373?
2370368
In base 7, what is 14 - 1012636142?
-1012636125
In base 12, what is 3 - -2b8495?
2b8498
In base 15, what is 0 + 7467dbb?
7467dbb
In base 12, what is -2 + bb5bb86?
bb5bb84
In base 2, what is 101 - 1100111001111100101101100100?
-1100111001111100101101011111
In base 4, what is -11 - 311130101?
-311130112
In base 7, what is -414613 + 23531?
-361052
In base 12, what is -538a5b + -38?
-538a97
In base 13, what is -1774 + -438?
-1bac
In base 12, what is 2 + -845840?
-84583a
In base 7, what is 502551604 - -12?
502551616
In base 7, what is 426301254 + 4?
426301261
In base 5, what is -230204210340 + -1?
-230204210341
In base 7, what is -2 + 3140626?
3140624
In base 16, what is 1174 + 123dc?
13550
In base 6, what is 515 + 1120?
2035
In base 7, what is 136 - -14130331?
14130500
In base 7, what is -10 + 246536133?
246536123
In base 15, what is 45d + 193de?
1984c
In base 8, what is -5317357125 - -1?
-5317357124
In base 12, what is -36 + 2358325?
23582ab
In base 14, what is 1861 - -8898?
a319
In base 5, what is -13411013 - -2104?
-13403404
In base 10, what is -97 - -1447915?
1447818
In base 2, what is 11110011101 - -100010100011111010?
100011000010010111
In base 11, what is 702 + -63a1?
-579a
In base 16, what is -45d0aa - 5?
-45d0af
In base 2, what is -1000 + -1010010000001100111011?
-1010010000001101000011
In base 12, what is b9 - 3546?
-3449
In base 5, what is 10202220 - -1441?
10204211
In base 13, what is -12a + 11640?
11513
In base 8, what is 102266 - -7373?
111661
In base 5, what is -2 - 410312302?
-410312304
In base 12, what is 1 - -7622a3?
7622a4
In base 5, what is -2 + -123024422?
-123024424
In base 12, what is -1 + -9aa95ba?
-9aa95bb
In base 15, what is -3 + 57873d?
57873a
In base 14, what is d72 + 10228?
1119a
In base 10, what is 169 - 418220?
-418051
In base 15, what is 2 + -3831?
-382e
In base 4, w